{"id":1134,"date":"2022-10-18T18:10:06","date_gmt":"2022-10-18T18:10:06","guid":{"rendered":"http:\/\/psqbauu.cluster026.hosting.ovh.net\/index.php\/produkt\/poster-v5\/"},"modified":"2024-02-21T02:26:26","modified_gmt":"2024-02-21T02:26:26","slug":"poster-v5","status":"publish","type":"product","link":"https:\/\/pasjemojejmamy.pl\/index.php\/produkt\/poster-v5\/","title":{"rendered":"Ko\u0144 z siod\u0142em"},"content":{"rendered":"<p>Ta urocza ceramiczna figurka konia z siod\u0142em jest wyj\u0105tkow\u0105 ozdob\u0105, emanuje autentyczno\u015bci\u0105 i indywidualnym stylem. Wykonana jest z gliny z dodatkiem szamotu, szkliwiona.<br \/>\nJej pi\u0119kne br\u0105zowe i zielone kolory nadaj\u0105 jej harmonii z natur\u0105, a szkliwienie dodaje po\u0142ysku i trwa\u0142o\u015bci. Z wysoko\u015bci\u0105 oko\u0142o 30 cm, szeroko\u015bci\u0105 14 cm i d\u0142ugo\u015bci\u0105 oko\u0142o 36 cm, ta figurka konia jest imponuj\u0105ca zar\u00f3wno pod wzgl\u0119dem rozmiaru, jak i detali.<br \/>\nDoskonale sprawdzi si\u0119 jako elegancki element dekoracyjny na p\u00f3\u0142ce, komodzie lub stole, dodaj\u0105c swojemu otoczeniu odrobin\u0119 magii i wyrafinowania.<\/p>\n","protected":false},"excerpt":{"rendered":"<p>Ko\u0144 ceramiczny.<br \/>\nWylepiany, formowany r\u0119cznie z gliny z dodatkiem szamotu. Szkliwiony. Wysoko\u015b\u0107 ok. 30 cm. Szeroko\u015b\u0107 14 cm. D\u0142ugo\u015b\u0107 ok. 36 cm.<\/p>\n","protected":false},"featured_media":1458,"comment_status":"open","ping_status":"closed","template":"","meta":{"site-sidebar-layout":"default","site-content-layout":"default","ast-global-header-display":"","ast-banner-title-visibility":"","ast-main-header-display":"","ast-hfb-above-header-display":"","ast-hfb-below-header-display":"","ast-hfb-mobile-header-display":"","site-post-title":"","ast-breadcrumbs-content":"","ast-featured-img":"","footer-sml-layout":"","theme-transparent-header-meta":"default","adv-header-id-meta":"","stick-header-meta":"","header-above-stick-meta":"","header-main-stick-meta":"","header-below-stick-meta":""},"product_brand":[],"product_cat":[22,24,26],"product_tag":[28,37,30,38],"class_list":{"0":"post-1134","1":"product","2":"type-product","3":"status-publish","4":"has-post-thumbnail","6":"product_cat-ceramika","7":"product_cat-figurki","8":"product_cat-rzezby","9":"product_tag-ceramika","10":"product_tag-kon","11":"product_tag-rzezba","12":"product_tag-siodlo","13":"desktop-align-left","14":"tablet-align-left","15":"mobile-align-left","17":"first","18":"instock","19":"sold-individually","20":"taxable","21":"shipping-taxable","22":"purchasable","23":"product-type-simple"},"jetpack_sharing_enabled":true,"_links":{"self":[{"href":"https:\/\/pasjemojejmamy.pl\/index.php\/wp-json\/wp\/v2\/product\/1134","targetHints":{"allow":["GET"]}}],"collection":[{"href":"https:\/\/pasjemojejmamy.pl\/index.php\/wp-json\/wp\/v2\/product"}],"about":[{"href":"https:\/\/pasjemojejmamy.pl\/index.php\/wp-json\/wp\/v2\/types\/product"}],"replies":[{"embeddable":true,"href":"https:\/\/pasjemojejmamy.pl\/index.php\/wp-json\/wp\/v2\/comments?post=1134"}],"wp:featuredmedia":[{"embeddable":true,"href":"https:\/\/pasjemojejmamy.pl\/index.php\/wp-json\/wp\/v2\/media\/1458"}],"wp:attachment":[{"href":"https:\/\/pasjemojejmamy.pl\/index.php\/wp-json\/wp\/v2\/media?parent=1134"}],"wp:term":[{"taxonomy":"product_brand","embeddable":true,"href":"https:\/\/pasjemojejmamy.pl\/index.php\/wp-json\/wp\/v2\/product_brand?post=1134"},{"taxonomy":"product_cat","embeddable":true,"href":"https:\/\/pasjemojejmamy.pl\/index.php\/wp-json\/wp\/v2\/product_cat?post=1134"},{"taxonomy":"product_tag","embeddable":true,"href":"https:\/\/pasjemojejmamy.pl\/index.php\/wp-json\/wp\/v2\/product_tag?post=1134"}],"curies":[{"name":"wp","href":"https:\/\/api.w.org\/{rel}","templated":true}]}}