{"id":1131,"date":"2022-10-18T18:07:43","date_gmt":"2022-10-18T18:07:43","guid":{"rendered":"http:\/\/psqbauu.cluster026.hosting.ovh.net\/index.php\/produkt\/postcard-v2\/"},"modified":"2024-02-21T02:37:42","modified_gmt":"2024-02-21T02:37:42","slug":"postcard-v2","status":"publish","type":"product","link":"https:\/\/pasjemojejmamy.pl\/index.php\/produkt\/postcard-v2\/","title":{"rendered":"Gorset ceramiczny"},"content":{"rendered":"<p class=\"\\&quot;ProductDescription-attributeHeader\\&quot;\">Ten ceramiczny gorset to niezwyk\u0142a rze\u017aba, kt\u00f3ra wyr\u00f3\u017cnia si\u0119 swoim oryginalnym stylem i wyj\u0105tkowym charakterem. Wylepiany i formowany r\u0119cznie,\u00a0 jest jedynym i niepowtarzalnym egzemplarzem, co czyni go jeszcze bardziej warto\u015bciowym.<br \/>\nGorset posiada kolor niebieski z czerwon\u0105 podwi\u0105zk\u0105 i bia\u0142ym staniczkiem, co nadaje mu subtelno\u015bci i elegancji. Jest szkliwiony, co dodaje mu po\u0142ysku i trwa\u0142o\u015bci, oraz mo\u017ce pe\u0142ni\u0107 r\u00f3\u017cne funkcje &#8211; od naczynia, przez rze\u017ab\u0119, po wazon z dziur\u0105 czy nawet dom dla kota.<br \/>\nJego wysoko\u015b\u0107 wynosi oko\u0142o 37 cm, a podstawa ma wymiary oko\u0142o 28 cm x 20 cm, co sprawia, \u017ce b\u0119dzie doskona\u0142\u0105 dekoracj\u0105 na p\u00f3\u0142ce, komodzie lub w innym miejscu, kt\u00f3re chcesz udekorowa\u0107 w nietypowy spos\u00f3b.<br \/>\nNiech ten ceramiczny gorset przynosi Ci rado\u015b\u0107 i zachwyt, podkre\u015blaj\u0105c jednocze\u015bnie Twoj\u0105 wyrafinowan\u0105 estetyk\u0119 i indywidualny gust.<\/p>\n","protected":false},"excerpt":{"rendered":"<p>Ceramiczny gorset<br \/>\nWylepiany, formowany r\u0119cznie Szkliwiony, mo\u017ce stanowi\u0107 naczynie, rze\u017ab\u0119, wazon z dziur\u0105, dom dla kota. Jedyny unikatowy egzemplarz.<br \/>\nWymiary: wysoko\u015b\u0107 Ok 37 cm, podstawa Ok. 28 cm x 20 cm<\/p>\n","protected":false},"featured_media":1471,"comment_status":"open","ping_status":"closed","template":"","meta":{"site-sidebar-layout":"default","site-content-layout":"default","ast-global-header-display":"","ast-banner-title-visibility":"","ast-main-header-display":"","ast-hfb-above-header-display":"","ast-hfb-below-header-display":"","ast-hfb-mobile-header-display":"","site-post-title":"","ast-breadcrumbs-content":"","ast-featured-img":"","footer-sml-layout":"","theme-transparent-header-meta":"default","adv-header-id-meta":"","stick-header-meta":"","header-above-stick-meta":"","header-main-stick-meta":"","header-below-stick-meta":""},"product_brand":[],"product_cat":[22,26],"product_tag":[],"class_list":{"0":"post-1131","1":"product","2":"type-product","3":"status-publish","4":"has-post-thumbnail","6":"product_cat-ceramika","7":"product_cat-rzezby","8":"desktop-align-left","9":"tablet-align-left","10":"mobile-align-left","12":"first","13":"instock","14":"sold-individually","15":"taxable","16":"shipping-taxable","17":"purchasable","18":"product-type-simple"},"jetpack_sharing_enabled":true,"_links":{"self":[{"href":"https:\/\/pasjemojejmamy.pl\/index.php\/wp-json\/wp\/v2\/product\/1131","targetHints":{"allow":["GET"]}}],"collection":[{"href":"https:\/\/pasjemojejmamy.pl\/index.php\/wp-json\/wp\/v2\/product"}],"about":[{"href":"https:\/\/pasjemojejmamy.pl\/index.php\/wp-json\/wp\/v2\/types\/product"}],"replies":[{"embeddable":true,"href":"https:\/\/pasjemojejmamy.pl\/index.php\/wp-json\/wp\/v2\/comments?post=1131"}],"wp:featuredmedia":[{"embeddable":true,"href":"https:\/\/pasjemojejmamy.pl\/index.php\/wp-json\/wp\/v2\/media\/1471"}],"wp:attachment":[{"href":"https:\/\/pasjemojejmamy.pl\/index.php\/wp-json\/wp\/v2\/media?parent=1131"}],"wp:term":[{"taxonomy":"product_brand","embeddable":true,"href":"https:\/\/pasjemojejmamy.pl\/index.php\/wp-json\/wp\/v2\/product_brand?post=1131"},{"taxonomy":"product_cat","embeddable":true,"href":"https:\/\/pasjemojejmamy.pl\/index.php\/wp-json\/wp\/v2\/product_cat?post=1131"},{"taxonomy":"product_tag","embeddable":true,"href":"https:\/\/pasjemojejmamy.pl\/index.php\/wp-json\/wp\/v2\/product_tag?post=1131"}],"curies":[{"name":"wp","href":"https:\/\/api.w.org\/{rel}","templated":true}]}}